{"id":9996,"date":"2022-05-25T12:31:59","date_gmt":"2022-05-25T11:31:59","guid":{"rendered":"https:\/\/www.esf.se\/?post_type=video&#038;p=9996"},"modified":"2023-02-07T10:59:38","modified_gmt":"2023-02-07T09:59:38","slug":"framgangsrika-kompetensinsatser-for-ett-hallbart-arbetsliv-hur-och-for-vem","status":"publish","type":"video","link":"https:\/\/www.esf.se\/en\/video\/framgangsrika-kompetensinsatser-for-ett-hallbart-arbetsliv-hur-och-for-vem\/","title":{"rendered":"Webbinarium: Framg\u00e5ngsrika kompetensinsatser f\u00f6r ett h\u00e5llbart arbetsliv- Hur och f\u00f6r vem? (Programomr\u00e5de A)"},"excerpt":{"rendered":"<p>Framg\u00e5ngsrika kompetensinsatser f\u00f6r ett h\u00e5llbart arbetsliv \u2013 hur och f\u00f6r vem?<\/p>\n","protected":false},"featured_media":0,"template":"","meta":{"_acf_changed":false,"_helpful_pro_status":1,"_links_to":"","_links_to_target":""},"class_list":["post-9996","video","type-video","status-publish","hentry","video_category-webbinarium","video_tag-esf-programperiod-2021-2027"],"acf":[],"_links":{"self":[{"href":"https:\/\/www.esf.se\/en\/wp-json\/wp\/v2\/video\/9996","targetHints":{"allow":["GET"]}}],"collection":[{"href":"https:\/\/www.esf.se\/en\/wp-json\/wp\/v2\/video"}],"about":[{"href":"https:\/\/www.esf.se\/en\/wp-json\/wp\/v2\/types\/video"}],"wp:attachment":[{"href":"https:\/\/www.esf.se\/en\/wp-json\/wp\/v2\/media?parent=9996"}],"curies":[{"name":"wp","href":"https:\/\/api.w.org\/{rel}","templated":true}]}}

Webbinarium: Framgångsrika kompetensinsatser för ett hållbart arbetsliv- Hur och för vem? (Programområde A)

<p>Framgångsrika kompetensinsatser för ett hållbart arbetsliv – hur och för vem?</p>
